{"id":347,"date":"2010-07-31T13:25:12","date_gmt":"2010-07-31T11:25:12","guid":{"rendered":"http:\/\/www.francoiserenaud.com\/blog\/"},"modified":"2021-07-26T15:46:36","modified_gmt":"2021-07-26T14:46:36","slug":"contact","status":"publish","type":"page","link":"http:\/\/www.francoiserenaud.com\/blog\/contact\/","title":{"rendered":"contact"},"content":{"rendered":"\n<p class=\"has-drop-cap\">Vous pouvez ajouter un commentaire \u00e0 tout article de ce blog (en fin d&rsquo;article, cliquer sur Comment)<\/p>\n\n\n\n<p>Vous pouvez \u00e9galement visiter<strong><a href=\"https:\/\/www.francoiserenaud.com\"> mon site personnel<\/a> <\/strong> et utilisez le chapitre CONTACT<\/p>\n\n\n\n<p>TOUS DROITS R\u00c9SERV\u00c9S sur les textes et photographies publi\u00e9s dans ce blog (cf le chapitre mentions l\u00e9gales)<\/p>\n\n\n\n<p>&nbsp;<\/p>\n\n\n\n<p class=\"has-text-align-right\"><em>retour \u00e0 la <a href=\"http:\/\/www.francoiserenaud.com\/blog\/\">page d&rsquo;accueil<\/a><\/em><\/p>\n","protected":false},"excerpt":{"rendered":"<p>Vous pouvez ajouter un commentaire \u00e0 tout article de ce blog (en fin d&rsquo;article, cliquer sur Comment) Vous pouvez \u00e9galement visiter mon site personnel et utilisez le chapitre CONTACT TOUS DROITS R\u00c9SERV\u00c9S sur les textes et photographies publi\u00e9s dans ce blog (cf le chapitre mentions l\u00e9gales) &nbsp; retour \u00e0 la page d&rsquo;accueil<\/p>\n","protected":false},"author":1,"featured_media":0,"parent":0,"menu_order":0,"comment_status":"open","ping_status":"open","template":"","meta":{"footnotes":""},"_links":{"self":[{"href":"http:\/\/www.francoiserenaud.com\/blog\/wp-json\/wp\/v2\/pages\/347"}],"collection":[{"href":"http:\/\/www.francoiserenaud.com\/blog\/wp-json\/wp\/v2\/pages"}],"about":[{"href":"http:\/\/www.francoiserenaud.com\/blog\/wp-json\/wp\/v2\/types\/page"}],"author":[{"embeddable":true,"href":"http:\/\/www.francoiserenaud.com\/blog\/wp-json\/wp\/v2\/users\/1"}],"replies":[{"embeddable":true,"href":"http:\/\/www.francoiserenaud.com\/blog\/wp-json\/wp\/v2\/comments?post=347"}],"version-history":[{"count":24,"href":"http:\/\/www.francoiserenaud.com\/blog\/wp-json\/wp\/v2\/pages\/347\/revisions"}],"predecessor-version":[{"id":7096,"href":"http:\/\/www.francoiserenaud.com\/blog\/wp-json\/wp\/v2\/pages\/347\/revisions\/7096"}],"wp:attachment":[{"href":"http:\/\/www.francoiserenaud.com\/blog\/wp-json\/wp\/v2\/media?parent=347"}],"curies":[{"name":"wp","href":"https:\/\/api.w.org\/{rel}","templated":true}]}}